f*b, g + 12 = -0*g + 5*b. Let j = 15 + g. Is j a composite number?
False
Suppose 0*g = -2*g + 4, 5*l = 2*g + 2721. Suppose 1078 = 3*j - j + z, -z - l = -j. Is j a composite number?
False
Suppose -5*b - 1 = -2*b + 4*h, -3*b - 5*h = -1. Let v(k) be the third derivative of -25*k**4/12 + 7*k**3/6 + 45*k**2. Is v(b) composite?
False
Let d = -69 + 79. Suppose d*c = -3*c + 18317. Is c a composite number?
False
Suppose -6*p + 0 = 24. Let u(f) = f**3 - 4*f**2 - f - 4. Let i be u(4). Is p/6*636/i a prime number?
True
Suppose a + 2*s - 237 = 119, 0 = -3*a + 5*s + 1090. Suppose 0 = 5*u - a - 1315. Is u prime?
False
Suppose -5*z + 3*i + 642227 = -z, 5*z = -3*i + 802804. Is z composite?
True
Let j(s) = 109*s + 6. Let f be j(3). Suppose 0*k = 3*k - f. Suppose 0 = 3*p - k - 84. Is p composite?
True
Let k = -12 - -12. Suppose d - 3*d + 10 = k, 2*d = 2*y - 6. Is 22/(5/(580/y)) a prime number?
False
Suppose -u + 16 + 6 = 0. Let a be u/121 - 570/(-11). Suppose 5*h - a = 3153. Is h composite?
False
Let h(u) = 1 + 0 + 0 + 62*u**2 + 283*u**2 + 2*u. Is h(2) a composite number?
True
Let b = 54 - -148. Suppose 3*n - 369 = -i + b, 3*n = -3*i + 567. Is n composite?
False
Suppose 3*c = 4*c - 9. Suppose 12*w - 261 = c*w. Let x = -8 + w. Is x a prime number?
True
Suppose 2*s = 2*b - b + 3209, -8000 = -5*s - 5*b. Is s a prime number?
False
Suppose a - b = 1481, 0 - 9 = 3*b. Suppose -2*y + a = -0*y. Is y composite?
False
Let w = 6374 + -2173. Is w prime?
True
Let b(m) = 206*m**2 - m + 1. Let n be b(1). Let p = -146 + n. Let o = 63 + p. Is o prime?
False
Is (-12609)/(-18) + 1/2 composite?
False
Let m(s) be the third derivative of 7*s**4/6 + 35*s**3/6 - 18*s**2. Is m(9) composite?
True
Let z(b) = -296*b + 385. Is z(-38) composite?
False
Let g = 420 - 219. Is g prime?
False
Suppose -3*s - 7*o - 1786 = -6*o, o - 2 = 0. Let m = 1263 + s. Is m a composite number?
True
Let o(l) = 104*l - 71. Is o(28) prime?
False
Suppose -4*i + 7*i = 0, -4*b - 2*i = -48388. Is b a prime number?
True
Let r(f) = -f**3 + 10*f**2 + 4*f + 13. Suppose -4*j + 61 = 17. Let v be r(j). Let y = -33 - v. Is y composite?
False
Let y = 21 - 16. Suppose 3*l + a - 537 = -a, y*l + 4*a = 895. Is l a composite number?
False
Let v be (1/2)/(2/(-20)). Let f(i) = -i**3 - 4*i**2 + 7*i + 4. Let j be f(v). Let w = j + 88. Is w composite?
True
Let u(w) = 25*w**2 - 7*w + 70. Is u(-8) a composite number?
True
Let x = 9 - 6. Let c be 3*-22*(-2)/x. Is 4/(48/51)*c composite?
True
Suppose 20988 = 5*i - i. Suppose 2*t = -t + i. Suppose -5*s = -2*s - t. Is s prime?
False
Let p be -18 - -14 - 6*-1. Suppose 5*c - p*s = -6*s + 1107, 5*c + 2*s - 1111 = 0. Is c a composite number?
False
Let k(o) = -1114*o + 149. Is k(-32) prime?
True
Let i(y) = -106*y + 2 + 41*y - 564*y. Is i(-1) prime?
True
Suppose 122833 + 304730 = 9*b. Is b a prime number?
True
Suppose 179 = -b - 21. Let n be 1/(1 - b/(-196)). Let l = -14 - n. Is l a prime number?
False
Let h be (-8 - -9)*(-4)/(-1). Is ((-223)/h)/(1/(-12)*3) a prime number?
True
Let z(y) = -y**3 - 21*y**2 - 9*y + 3. Let k be z(-20). Let w = k - -719. Is w composite?
True
Let i(w) = -124*w - 1. Let j be i(-1). Let c be j/(40/44 + -1). Let p = -832 - c. Is p prime?
True
Let o(l) = -l**2 - 10*l + 3. Let j be o(-10). Let h(v) = 3*v**2 - 1. Is h(j) a prime number?
False
Let v(z) = 11*z + 2. Let u(y) = 2*y + 12. Let s be u(-10). Let w be v(s). Is 2 + (-10)/4*w prime?
False
Is (24 - 13 - 9) + 48089 composite?
False
Let d(i) = 7*i - 26. Let f be d(4). Is 1/(4/10352*f) - 1 a prime number?
False
Let v(u) = -43*u**2 + 1. Let z be v(2). Let r = z - -1210. Is r composite?
False
Let i(f) be the first derivative of -91*f**2/2 + 18*f - 5. Let u be i(9). Let d = -502 - u. Is d a composite number?
True
Let w = -933 + 415. Suppose -5*x = 5*h + 1095, x + 0*h = 2*h - 231. Let b = x - w. Is b composite?
True
Let y = 2253 - 991. Suppose 0 = 5*d + 2*c + 10, 5*c + 25 = 4*d + d. Suppose d = t + t - y. Is t composite?
False
Suppose 3*x - 96 = -5*v, -7*x + 4*x = -3*v - 72. Is (415/(-3))/((-9)/x) composite?
True
Let k = -63297 + 102838. Is k a composite number?
False
Let d be ((-8)/(-12))/((-4)/18). Let w be 0 - (1 - 0)*d. Is 5*((1 - w) + 19) a prime number?
False
Let i = -402 + 1763. Is i a composite number?
False
Let j(w) = 9*w**2 + 5*w + 25. Let p be j(11). Let z = p - 628. Is z a composite number?
False
Let y = 2 - 0. Let r(q) be the third derivative of 11*q**5/60 - q**4/24 + 2*q**3/3 + 6*q**2. Is r(y) composite?
True
Let q be 142 - -1 - (-7 - -4). Let t(b) = -2 + 5 + 2 + q*b + 0. Is t(3) composite?
False
Suppose 0 = -12*h + 88448 + 568996. Is h composite?
False
Let h(i) = i**2 - i - 3. Let f be h(3). Suppose q = -4*m, f*m + 0*m + 4*q = 0. Suppose 2*k = s + 153, -4*k + m*s - 2*s + 286 = 0. Is k a prime number?
False
Let a(v) = -129*v**3 + 9*v**2 + 9*v - 4. Is a(-5) prime?
True
Suppose 2*w - 5*q - 115 = 263, 5*q + 756 = 4*w. Suppose -d = d + 5*t - 819, 5*d + 2*t = 2058. Let a = d - w. Is a composite?
False
Suppose -2*j = -360 - 328. Suppose j = 2*b - 1158. Is b composite?
False
Let s(g) = 33*g**2 + 26*g - 43. Is s(-12) a composite number?
False
Let d = -718 - -1416. Let a = -441 + d. Is a a composite number?
False
Suppose 4*p = s + 49689, 5*s = 13*p - 12*p - 12427. Is p composite?
True
Suppose 3*f = -q - 234, -f - 833 = 4*q + 136. Let w = -26 - q. Is w a composite number?
True
Let f = 22900 + -7977. Is f a composite number?
False
Suppose 2*g + 31850 = 7*g. Suppose -2*i - g = -2*h + 2*i, -i - 12740 = -4*h. Is 4/(-10) - h/(-25) composite?
False
Suppose 0 = -5*v + 5*y - 8 + 48, 12 = 3*v + 3*y. Is (327/2)/(v/20) a prime number?
False
Let g(i) = 22*i**2 + 5*i - 5. Let u be g(1). Suppose -u + 2 = 5*v, -3*m = -3*v - 8289. Is m composite?
True
Let b be (-6)/8*-4*1. Suppose 5*k - 6*k = b. Is (-2 + 3)*(-669)/k a composite number?
False
Let z = -24 - -40. Suppose -z = -4*o, 0 = -5*p + o + 2*o - 987. Let k = 306 + p. Is k prime?
False
Let s(c) = c**3 - 5*c**2 - 6*c + 7. Let u be s(6). Suppose -u*a = 5*a - 5748. Is a composite?
False
Let t(i) = i**3 - 16*i**2 + i - 12. Let g be t(16). Suppose d = g*d - 3111. Is d a prime number?
False
Let g(y) = 60*y - 62. Is g(4) composite?
True
Let x = -8 + 4. Let q(b) = -b**3 - 5*b**2 - 4*b. Let v be q(x). Suppose 2*c - 111 - 127 = v. Is c a composite number?
True
Let k = 132 + -5. Let z = -58 + k. Is z a composite number?
True
Let u = 5 - 10. Let t = u - -10. Let l = 2 + t. Is l composite?
False
Suppose 3 = -2*v + 13. Suppose -v*f + 10*f - 1615 = 0. Is f a composite number?
True
Let s be (82/(-6))/(7 - (-13740)/(-1962)). Let b = s - 2716. Is b prime?
True
Let a = -427 + 801. Suppose o + 57 = a. Is o prime?
True
Let f(z) = 2*z - 9. Let d(c) = c**3 - 24*c**2 + 24*c - 9. Let r be d(23). Is f(r) composite?
False
Let k be 10/8*(12 - 8). Suppose -3*b = k*b - 1688. Is b composite?
False
Let g be (0 - -3)/(5 + -4). Suppose -4*v + x = -5*v + 537, 2*v - 1094 = g*x. Is v a prime number?
True
Suppose 13*t = 19*t + 40152. Let m = t + 10095. Is m a prime number?
False
Suppose -5*g - 14 = -2*w - 0*g, 2*g - 7 = 5*w. Let z be (-106)/6*w + -3. Is (-6 + 5)*(1 - z) a prime number?
False
Let m(d) = d**3 + 6*d**2 - 13*d + 7. Suppose -4*b - 112 = 12*b. Is m(b) a prime number?
False
Let n = -1448 - -60879. Is n composite?
True
Let n(g) = -168*g + 5. Let j(w) = -42*w + 1. Suppose -r = 3*r + 36. Let o(m) = r*j(m) + 2*n(m). Is o(5) composite?
False
Let f(v) = -14*v**3 + v**2 - 4*v - 3. Let b be f(-2). Suppose -2*s - b = -c, 141 = 3*c + 5*s - 178. Is c prime?
True
Is (12 - 23) + 2554/1 composite?
False
Suppose 1 = -3*d - 14, -289 = b - 2*d. Let u = b - -552. Is u a composite number?
True
Let g(b) = -890*b**2 + 1. Let k be g(1). Let n = k - -406. Let d = n + 932. Is d a composite number?
False
Suppose 0 = -4*o + o + u, -4*u = 0. Suppose o = 9*n - 6560 + 1403. Is n composite?
True
Let q be -6963 - ((-8)/(-1 + -3) + 1). Let w = 13007 + q. Is w a composite number?
True
Let d(j) = -18*j**3 - 2*j**2 + 35*j - 13. Is d(-12) a prime number?
False
Let n be (-5790)/(-12) - (0 + 1/2). Let b = -163 + n. Is b composite?
True
Let m = -85327 - -127632. Is m a prime number?
False
Is 9 + (-494466)/(-54) + (-6)/(-27) composite?
True
Suppose -6 = -3*s, -3*s - 2061 = -2*k + 8111. Is k prime?
False
Is (-133022)/(-6) - (176/(-12) + 14) a prime num